?
136
What is the remainder when 1718 is divided by 243?
17
What is the remainder when 3260 is divided by 136?
132
What is the remainder when 392 is divided by 33?
29
What is the remainder when 1493 is divided by 138?
113
Calculate the remainder when 275 is divided by 26.
15
Calculate the remainder when 1595 is divided by 29.
0
Calculate the remainder when 61 is divided by 46.
15
What is the remainder when 91 is divided by 26?
13
Calculate the remainder when 1649 is divided by 110.
109
Calculate the remainder when 44 is divided by 20.
4
What is the remainder when 101 is divided by 26?
23
What is the remainder when 12 is divided by 3?
0
Calculate the remainder when 651 is divided by 56.
35
What is the remainder when 308 is divided by 15?
8
Calculate the remainder when 1403 is divided by 21.
17
Calculate the remainder when 315 is divided by 260.
55
Calculate the remainder when 2617 is divided by 18.
7
Calculate the remainder when 160 is divided by 36.
16
What is the remainder when 441 is divided by 34?
33
Calculate the remainder when 392 is divided by 132.
128
Calculate the remainder when 122 is divided by 32.
26
What is the remainder when 541 is divided by 16?
13
What is the remainder when 392 is divided by 79?
76
What is the remainder when 97 is divided by 14?
13
Calculate the remainder when 301 is divided by 45.
31
Calculate the remainder when 393 is divided by 18.
15
Calculate the remainder when 1515 is divided by 20.
15
Calculate the remainder when 33694 is divided by 115.
114
What is the remainder when 591 is divided by 60?
51
What is the remainder when 2481 is divided by 18?
15
Calculate the remainder when 371 is divided by 27.
20
What is the remainder when 1034 is divided by 289?
167
What is the remainder when 87 is divided by 25?
12
Calculate the remainder when 923 is divided by 44.
43
What is the remainder when 155 is divided by 20?
15
What is the remainder when 842 is divided by 222?
176
Calculate the remainder when 390 is divided by 44.
38
What is the remainder when 473 is divided by 34?
31
What is the remainder when 373 is divided by 103?
64
Calculate the remainder when 78 is divided by 40.
38
Calculate the remainder when 711 is divided by 42.
39
What is the remainder when 145 is divided by 49?
47
Calculate the remainder when 175 is divided by 86.
3
What is the remainder when 390 is divided by 142?
106
Calculate the remainder when 877 is divided by 20.
17
What is the remainder when 108 is divided by 19?
13
What is the remainder when 1521 is divided by 45?
36
Calculate the remainder when 122 is divided by 97.
25
Calculate the remainder when 9336 is divided by 128.
120
Calculate the remainder when 915 is divided by 102.
99
Calculate the remainder when 76 is divided by 68.
8
What is the remainder when 87 is divided by 10?
7
What is the remainder when 115 is divided by 58?
57
Calculate the remainder when 664 is divided by 660.
4
What is the remainder when 415 is divided by 53?
44
What is the remainder when 385 is divided by 163?
59
What is the remainder when 151 is divided by 44?
19
What is the remainder when 175 is divided by 31?
20
What is the remainder when 193 is divided by 47?
5
What is the remainder when 1432 is divided by 325?
132
Calculate the remainder when 418 is divided by 46.
4
What is the remainder when 14 is divided by 7?
0
Calculate the remainder when 42 is divided by 35.
7
Calculate the remainder when 4697 is divided by 9.
8
Calculate the remainder when 178 is divided by 21.
10
Calculate the remainder when 2850 is divided by 946.
12
Calculate the remainder when 1398 is divided by 18.
12
What is the remainder when 147 is divided by 84?
63
What is the remainder when 435 is divided by 19?
17
Calculate the remainder when 1611 is divided by 36.
27
Calculate the remainder when 89 is divided by 20.
9
What is the remainder when 17 is divided by 15?
2
Calculate the remainder when 126 is divided by 22.
16
What is the remainder when 52 is divided by 47?
5
What is the remainder when 249 is divided by 166?
83
Calculate the remainder when 715 is divided by 18.
13
What is the remainder when 157 is divided by 15?
7
Calculate the remainder when 80 is divided by 60.
20
Calculate the remainder when 1274 is divided by 360.
194
Calculate the remainder when 104 is divided by 35.
34
What is the remainder when 78 is divided by 27?
24
What is the remainder when 149 is divided by 50?
49
What is the remainder when 539 is divided by 54?
53
Calculate the remainder when 260 is divided by 88.
84
What is the remainder when 125 is divided by 10?
5
What is the remainder when 387 is divided by 30?
27
What is the remainder when 173 is divided by 36?
29
Calculate the remainder when 615 is divided by 77.
76
What is the remainder when 693 is divided by 26?
17
What is the remainder when 58 is divided by 7?
2
What is the remainder when 331 is divided by 108?
7
Calculate the remainder when 1431 is divided by 285.
6
What is the remainder when 423 is divided by 31?
20
What is the remainder when 85 is divided by 41?
3
What is the remainder when 398 is divided by 134?
130
Calculate the remainder when 376 is divided by 279.
97
What is the remainder when 708 is divided by 51?
45
What is the remainder when 13972 is divided by 34?
32
What is the remainder when 261 is divided by 27?
18
What is the remainder when 297 is divided by 277?
20
Calculate the remainder when 5909 is divided by 30.
29
Calculate the remainder when 705 is divided by 56.
33
What is the remainder when 138 is divided by 28?
26
What is the remainder when 648 is divided by 59?
58
What is the remainder when 4408 is divided by 63?
61
What is the remainder when 293 is divided by 37?
34
What is the remainder when 61 is divided by 5?
1
Calculate the remainder when 306 is divided by 28.
26
Calculate the remainder when 6442 is divided by 46.
2
What is the remainder when 749 is divided by 58?
53
Calculate the remainder when 311 is divided by 12.
11
What is the remainder when 4413 is divided by 192?
189
What is the remainder when 1491 is divided by 20?
11
Calculate the remainder when 62 is divided by 21.
20
What is the remainder when 629 is divided by 127?
121
Calculate the remainder when 2374 is divided by 786.
16
Calculate the remainder when 290 is divided by 21.
17
Calculate the remainder when 1165 is divided by 45.
40
Calculate the remainder when 1750 is divided by 290.
10
Calculate the remainder when 4045 is divided by 22.
19
What is the remainder when 268 is divided by 55?
48
Calculate the remainder when 565 is divided by 177.
34
What is the remainder when 349 is divided by 67?
14
Calculate the remainder when 46 is divided by 24.
22
What is the remainder when 502 is divided by 51?
43
What is the remainder when 934 is divided by 134?
130
Calculate the remainder when 646 is divided by 94.
82
What is the remainder when 34 is divided by 9?
7
Calculate the remainder when 86 is divided by 21.
2
Calculate the remainder when 172 is divided by 45.
37
Calculate the remainder when 395 is divided by 15.
5
Calculate the remainder when 336 is divided by 26.
24
Calculate the remainder when 891 is divided by 7.
2
Calculate the remainder when 126 is divided by 85.
41
What is the remainder when 938 is divided by 50?
38
What is the remainder when 75 is divided by 34?
7
What is the remainder when 79 is divided by 16?
15
Calculate the remainder when 919 is divided by 20.
19
What is the remainder when 77 is divided by 32?
13
Calculate the remainder when 91 is divided by 24.
19
What is the remainder when 264 is divided by 67?
63
Calculate the remainder when 30 is divided by 19.
11
What is the remainder when 45 is divided by 20?
5
Calculate the remainder when 3561 is divided by 8.
1
Calculate the remainder when 16 is divided by 2.
0
Calculate the remainder when 1098 is divided by 12.
6
Calculate the remainder when 47 is divided by 17.
13
Calculate the remainder when 134 is divided by 53.
28
What is the remainder when 20 is divided by 20?
0
Calculate the remainder when 21981 is divided by 89.
87
Calculate the remainder when 527 is divided by 8.
7
What is the remainder when 1136 is divided by 163?
158
Calculate the remainder when 211 is divided by 92.
27
Calculate the remainder when 1102 is divided by 24.
22
Calculate the remai